{"id":276,"date":"2017-12-12T18:38:48","date_gmt":"2017-12-12T18:38:48","guid":{"rendered":"http:\/\/isabelcarnicer.com\/test\/?page_id=276"},"modified":"2022-09-13T14:22:55","modified_gmt":"2022-09-13T14:22:55","slug":"texts","status":"publish","type":"page","link":"https:\/\/isabelcarnicer.com\/en\/texts\/","title":{"rendered":"texts"},"content":{"rendered":"<div class=\"wpb-content-wrapper\"><p>[vc_row row_height_percent=\u00bb0&#8243; overlay_alpha=\u00bb50&#8243; gutter_size=\u00bb3&#8243; column_width_percent=\u00bb100&#8243; shift_y=\u00bb0&#8243; z_index=\u00bb0&#8243; uncode_shortcode_id=\u00bb120239&#8243; row_name=\u00bbexposiciones\u00bb][vc_column width=\u00bb1\/1&#8243;][vc_custom_heading text_color=\u00bbcolor-179178&#8243; text_font=\u00bbfont-111996&#8243; text_weight=\u00bb400&#8243; uncode_shortcode_id=\u00bb104959&#8243; text_color_type=\u00bbuncode-palette\u00bb]texts[\/vc_custom_heading][\/vc_column][\/vc_row][vc_row][vc_column][vc_column_text uncode_shortcode_id=\u00bb803313&#8243;]<span style=\"color: #990000;\">Text by Julio C\u00e9sar Abad Vidal<\/span><br \/>\n<em>Text published in the catalog of the exhibition \u00abVolver a fluir\u00bb, held in Isegor\u00eda, Madrid, in 2022<\/em><\/p>\n<p><strong>Isabel\u2019s <em>Bildungskunst<\/em><\/strong><\/p>\n<p>The images fashioned by Isabel Carnicer (Madrid, 1958) acquire a delicate and subtle beauty. Devoid of any truculence or drama, they convey \u2013 as if by magic\u2013 a serene joy. Relatively unknown yet, her career is built on patience and care. Her work thus stands as a soothing balm amidst the dominant framework of the hyper-spectacularized world of contemporary art, as tawdry as it is inane.<\/p>\n<p><a href=\"https:\/\/isabelcarnicer.com\/escritos\/Julio_cesar_text.pdf\" target=\"_blank\" rel=\"noopener\">Read more&#8230;<\/a>[\/vc_column_text][vc_separator sep_color=\u00bbcolor-179178&#8243; uncode_shortcode_id=\u00bb995307&#8243; sep_color_type=\u00bbuncode-palette\u00bb][vc_column_text uncode_shortcode_id=\u00bb105079&#8243;]<span style=\"color: #990000;\">Text by Ignacio Castro Rey<\/span><br \/>\n<em>Pic\u00f3n, July 13, 2008<\/em><\/p>\n<p><strong>A house in the mist<\/strong><\/p>\n<p>Acrylic on paper, oil, inks. Broken glass windows, cracked by ice. And the white lines of the torn paper, the borders of the cement that joins the pieces of rubble. The marmoreal and its streaks, bits of life, the message made of fragments. To give mystery back to the world, the murmur of a breeze that turns the walls bearable, we become ragmen of time, weaving and unweaving its minutes. We build little by little another fabric out of the day, returning an erotic innocence to things, the unique infinity of dying things.<\/p>\n<p><a href=\"https:\/\/isabelcarnicer.com\/escritos\/a_house_in_the_mist.pdf\" target=\"_blank\" rel=\"noopener\">Read more&#8230;<\/a>[\/vc_column_text][vc_separator sep_color=\u00bbcolor-179178&#8243; uncode_shortcode_id=\u00bb995307&#8243; sep_color_type=\u00bbuncode-palette\u00bb][vc_column_text uncode_shortcode_id=\u00bb119157&#8243;]<span style=\"color: #990000;\">Text by Oliva Mar\u00eda Rubio<\/span><br \/>\n<em>Madrid October 10, 2006<\/em><\/p>\n<p>The creative work of Isabel Carnicer has been developing through time in a slow but reliable manner, achieving a significant maturity and personality in the latest body of work she has carried out during the last five years, a work that might be generically tagged \u201cLayers\u201d. In these works, she is far from the figurative trend of her beginnings, from which she has been gradually moving away in a process of search and maturity,to deal with a fundamentally monochromatic abstract work she develops in layers.<\/p>\n<p><a href=\"https:\/\/isabelcarnicer.com\/escritos\/text_maria_oliva_rubio.pdf\" target=\"_blank\" rel=\"noopener\">Read more&#8230;<\/a>[\/vc_column_text][\/vc_column][\/vc_row][vc_row][vc_column width=\u00bb1\/1&#8243;][uncode_block id=\u00bb809&#8243;][\/vc_column][\/vc_row]<\/p>\n<\/div>","protected":false},"excerpt":{"rendered":"<p>[vc_row row_height_percent=\u00bb0&#8243; overlay_alpha=\u00bb50&#8243; gutter_size=\u00bb3&#8243; column_width_percent=\u00bb100&#8243; shift_y=\u00bb0&#8243; z_index=\u00bb0&#8243; uncode_shortcode_id=\u00bb120239&#8243; row_name=\u00bbexposiciones\u00bb][vc_column width=\u00bb1\/1&#8243;][vc_custom_heading text_color=\u00bbcolor-179178&#8243; text_font=\u00bbfont-111996&#8243; text_weight=\u00bb400&#8243; uncode_shortcode_id=\u00bb104959&#8243; text_color_type=\u00bbuncode-palette\u00bb]texts[\/vc_custom_heading][\/vc_column][\/vc_row][vc_row][vc_column][vc_column_text uncode_shortcode_id=\u00bb803313&#8243;]Text by Julio C\u00e9sar Abad [&hellip;]<\/p>\n","protected":false},"author":1,"featured_media":0,"parent":0,"menu_order":0,"comment_status":"closed","ping_status":"closed","template":"","meta":{"footnotes":""},"class_list":["post-276","page","type-page","status-publish","hentry"],"yoast_head":"<!-- This site is optimized with the Yoast SEO plugin v27.2 - https:\/\/yoast.com\/product\/yoast-seo-wordpress\/ -->\n<title>texts - Isabel Carnicer. Artista<\/title>\n<meta name=\"robots\" content=\"index, follow, max-snippet:-1, max-image-preview:large, max-video-preview:-1\" \/>\n<link rel=\"canonical\" href=\"https:\/\/isabelcarnicer.com\/en\/texts\/\" \/>\n<meta property=\"og:locale\" content=\"es_ES\" \/>\n<meta property=\"og:type\" content=\"article\" \/>\n<meta property=\"og:title\" content=\"texts - Isabel Carnicer. Artista\" \/>\n<meta property=\"og:description\" content=\"[vc_row row_height_percent=\u00bb0&#8243; overlay_alpha=\u00bb50&#8243; gutter_size=\u00bb3&#8243; column_width_percent=\u00bb100&#8243; shift_y=\u00bb0&#8243; z_index=\u00bb0&#8243; uncode_shortcode_id=\u00bb120239&#8243; row_name=\u00bbexposiciones\u00bb][vc_column width=\u00bb1\/1&#8243;][vc_custom_heading text_color=\u00bbcolor-179178&#8243; text_font=\u00bbfont-111996&#8243; text_weight=\u00bb400&#8243; uncode_shortcode_id=\u00bb104959&#8243; text_color_type=\u00bbuncode-palette\u00bb]texts[\/vc_custom_heading][\/vc_column][\/vc_row][vc_row][vc_column][vc_column_text uncode_shortcode_id=\u00bb803313&#8243;]Text by Julio C\u00e9sar Abad [&hellip;]\" \/>\n<meta property=\"og:url\" content=\"https:\/\/isabelcarnicer.com\/en\/texts\/\" \/>\n<meta property=\"og:site_name\" content=\"Isabel Carnicer. Artista\" \/>\n<meta property=\"article:modified_time\" content=\"2022-09-13T14:22:55+00:00\" \/>\n<meta name=\"twitter:card\" content=\"summary_large_image\" \/>\n<meta name=\"twitter:label1\" content=\"Tiempo de lectura\" \/>\n\t<meta name=\"twitter:data1\" content=\"2 minutos\" \/>\n<script type=\"application\/ld+json\" class=\"yoast-schema-graph\">{\"@context\":\"https:\/\/schema.org\",\"@graph\":[{\"@type\":\"WebPage\",\"@id\":\"https:\/\/isabelcarnicer.com\/en\/texts\/\",\"url\":\"https:\/\/isabelcarnicer.com\/en\/texts\/\",\"name\":\"texts - Isabel Carnicer. Artista\",\"isPartOf\":{\"@id\":\"https:\/\/isabelcarnicer.com\/en\/#website\"},\"datePublished\":\"2017-12-12T18:38:48+00:00\",\"dateModified\":\"2022-09-13T14:22:55+00:00\",\"breadcrumb\":{\"@id\":\"https:\/\/isabelcarnicer.com\/en\/texts\/#breadcrumb\"},\"inLanguage\":\"es\",\"potentialAction\":[{\"@type\":\"ReadAction\",\"target\":[\"https:\/\/isabelcarnicer.com\/en\/texts\/\"]}]},{\"@type\":\"BreadcrumbList\",\"@id\":\"https:\/\/isabelcarnicer.com\/en\/texts\/#breadcrumb\",\"itemListElement\":[{\"@type\":\"ListItem\",\"position\":1,\"name\":\"Portada\",\"item\":\"https:\/\/isabelcarnicer.com\/en\/\"},{\"@type\":\"ListItem\",\"position\":2,\"name\":\"texts\"}]},{\"@type\":\"WebSite\",\"@id\":\"https:\/\/isabelcarnicer.com\/en\/#website\",\"url\":\"https:\/\/isabelcarnicer.com\/en\/\",\"name\":\"Isabel Carnicer. Artista\",\"description\":\"Collage, el \u00faltimo proyecto de Isabel Carnicer, estar\u00e1 expuesto en #LaParedRojadeLaF\u00e1brica\",\"publisher\":{\"@id\":\"https:\/\/isabelcarnicer.com\/en\/#\/schema\/person\/dfd14b0f0081f3d777c945a5a4a86d83\"},\"potentialAction\":[{\"@type\":\"SearchAction\",\"target\":{\"@type\":\"EntryPoint\",\"urlTemplate\":\"https:\/\/isabelcarnicer.com\/en\/?s={search_term_string}\"},\"query-input\":{\"@type\":\"PropertyValueSpecification\",\"valueRequired\":true,\"valueName\":\"search_term_string\"}}],\"inLanguage\":\"es\"},{\"@type\":[\"Person\",\"Organization\"],\"@id\":\"https:\/\/isabelcarnicer.com\/en\/#\/schema\/person\/dfd14b0f0081f3d777c945a5a4a86d83\",\"name\":\"Isabel Carnicer\",\"image\":{\"@type\":\"ImageObject\",\"inLanguage\":\"es\",\"@id\":\"https:\/\/isabelcarnicer.com\/en\/wp-content\/uploads\/2017\/11\/favicon.png\",\"url\":\"https:\/\/isabelcarnicer.com\/en\/wp-content\/uploads\/2017\/11\/favicon.png\",\"contentUrl\":\"https:\/\/isabelcarnicer.com\/en\/wp-content\/uploads\/2017\/11\/favicon.png\",\"width\":288,\"height\":288,\"caption\":\"Isabel Carnicer\"},\"logo\":{\"@id\":\"https:\/\/isabelcarnicer.com\/en\/wp-content\/uploads\/2017\/11\/favicon.png\"}}]}<\/script>\n<!-- \/ Yoast SEO plugin. -->","yoast_head_json":{"title":"texts - Isabel Carnicer. Artista","robots":{"index":"index","follow":"follow","max-snippet":"max-snippet:-1","max-image-preview":"max-image-preview:large","max-video-preview":"max-video-preview:-1"},"canonical":"https:\/\/isabelcarnicer.com\/en\/texts\/","og_locale":"es_ES","og_type":"article","og_title":"texts - Isabel Carnicer. Artista","og_description":"[vc_row row_height_percent=\u00bb0&#8243; overlay_alpha=\u00bb50&#8243; gutter_size=\u00bb3&#8243; column_width_percent=\u00bb100&#8243; shift_y=\u00bb0&#8243; z_index=\u00bb0&#8243; uncode_shortcode_id=\u00bb120239&#8243; row_name=\u00bbexposiciones\u00bb][vc_column width=\u00bb1\/1&#8243;][vc_custom_heading text_color=\u00bbcolor-179178&#8243; text_font=\u00bbfont-111996&#8243; text_weight=\u00bb400&#8243; uncode_shortcode_id=\u00bb104959&#8243; text_color_type=\u00bbuncode-palette\u00bb]texts[\/vc_custom_heading][\/vc_column][\/vc_row][vc_row][vc_column][vc_column_text uncode_shortcode_id=\u00bb803313&#8243;]Text by Julio C\u00e9sar Abad [&hellip;]","og_url":"https:\/\/isabelcarnicer.com\/en\/texts\/","og_site_name":"Isabel Carnicer. Artista","article_modified_time":"2022-09-13T14:22:55+00:00","twitter_card":"summary_large_image","twitter_misc":{"Tiempo de lectura":"2 minutos"},"schema":{"@context":"https:\/\/schema.org","@graph":[{"@type":"WebPage","@id":"https:\/\/isabelcarnicer.com\/en\/texts\/","url":"https:\/\/isabelcarnicer.com\/en\/texts\/","name":"texts - Isabel Carnicer. Artista","isPartOf":{"@id":"https:\/\/isabelcarnicer.com\/en\/#website"},"datePublished":"2017-12-12T18:38:48+00:00","dateModified":"2022-09-13T14:22:55+00:00","breadcrumb":{"@id":"https:\/\/isabelcarnicer.com\/en\/texts\/#breadcrumb"},"inLanguage":"es","potentialAction":[{"@type":"ReadAction","target":["https:\/\/isabelcarnicer.com\/en\/texts\/"]}]},{"@type":"BreadcrumbList","@id":"https:\/\/isabelcarnicer.com\/en\/texts\/#breadcrumb","itemListElement":[{"@type":"ListItem","position":1,"name":"Portada","item":"https:\/\/isabelcarnicer.com\/en\/"},{"@type":"ListItem","position":2,"name":"texts"}]},{"@type":"WebSite","@id":"https:\/\/isabelcarnicer.com\/en\/#website","url":"https:\/\/isabelcarnicer.com\/en\/","name":"Isabel Carnicer. Artista","description":"Collage, el \u00faltimo proyecto de Isabel Carnicer, estar\u00e1 expuesto en #LaParedRojadeLaF\u00e1brica","publisher":{"@id":"https:\/\/isabelcarnicer.com\/en\/#\/schema\/person\/dfd14b0f0081f3d777c945a5a4a86d83"},"potentialAction":[{"@type":"SearchAction","target":{"@type":"EntryPoint","urlTemplate":"https:\/\/isabelcarnicer.com\/en\/?s={search_term_string}"},"query-input":{"@type":"PropertyValueSpecification","valueRequired":true,"valueName":"search_term_string"}}],"inLanguage":"es"},{"@type":["Person","Organization"],"@id":"https:\/\/isabelcarnicer.com\/en\/#\/schema\/person\/dfd14b0f0081f3d777c945a5a4a86d83","name":"Isabel Carnicer","image":{"@type":"ImageObject","inLanguage":"es","@id":"https:\/\/isabelcarnicer.com\/en\/wp-content\/uploads\/2017\/11\/favicon.png","url":"https:\/\/isabelcarnicer.com\/en\/wp-content\/uploads\/2017\/11\/favicon.png","contentUrl":"https:\/\/isabelcarnicer.com\/en\/wp-content\/uploads\/2017\/11\/favicon.png","width":288,"height":288,"caption":"Isabel Carnicer"},"logo":{"@id":"https:\/\/isabelcarnicer.com\/en\/wp-content\/uploads\/2017\/11\/favicon.png"}}]}},"_links":{"self":[{"href":"https:\/\/isabelcarnicer.com\/en\/wp-json\/wp\/v2\/pages\/276","targetHints":{"allow":["GET"]}}],"collection":[{"href":"https:\/\/isabelcarnicer.com\/en\/wp-json\/wp\/v2\/pages"}],"about":[{"href":"https:\/\/isabelcarnicer.com\/en\/wp-json\/wp\/v2\/types\/page"}],"author":[{"embeddable":true,"href":"https:\/\/isabelcarnicer.com\/en\/wp-json\/wp\/v2\/users\/1"}],"replies":[{"embeddable":true,"href":"https:\/\/isabelcarnicer.com\/en\/wp-json\/wp\/v2\/comments?post=276"}],"version-history":[{"count":25,"href":"https:\/\/isabelcarnicer.com\/en\/wp-json\/wp\/v2\/pages\/276\/revisions"}],"predecessor-version":[{"id":1149,"href":"https:\/\/isabelcarnicer.com\/en\/wp-json\/wp\/v2\/pages\/276\/revisions\/1149"}],"wp:attachment":[{"href":"https:\/\/isabelcarnicer.com\/en\/wp-json\/wp\/v2\/media?parent=276"}],"curies":[{"name":"wp","href":"https:\/\/api.w.org\/{rel}","templated":true}]}}

<div class="wpb-content-wrapper"><p>[vc_row row_height_percent=»0&#8243; overlay_alpha=»50&#8243; gutter_size=»3&#8243; column_width_percent=»100&#8243; shift_y=»0&#8243; z_index=»0&#8243; uncode_shortcode_id=»120239&#8243; row_name=»exposiciones»][vc_column width=»1/1&#8243;][vc_custom_heading text_color=»color-179178&#8243; text_font=»font-111996&#8243; text_weight=»400&#8243; uncode_shortcode_id=»104959&#8243; text_color_type=»uncode-palette»]texts[/vc_custom_heading][/vc_column][/vc_row][vc_row][vc_column][vc_column_text uncode_shortcode_id=»803313&#8243;]<span style="color: #990000;">Text by Julio César Abad Vidal</span><br />
<em>Text published in the catalog of the exhibition «Volver a fluir», held in Isegoría, Madrid, in 2022</em></p>
<p><strong>Isabel’s <em>Bildungskunst</em></strong></p>
<p>The images fashioned by Isabel Carnicer (Madrid, 1958) acquire a delicate and subtle beauty. Devoid of any truculence or drama, they convey – as if by magic– a serene joy. Relatively unknown yet, her career is built on patience and care. Her work thus stands as a soothing balm amidst the dominant framework of the hyper-spectacularized world of contemporary art, as tawdry as it is inane.</p>
<p><a href="https://isabelcarnicer.com/escritos/Julio_cesar_text.pdf" target="_blank" rel="noopener">Read more&#8230;</a>[/vc_column_text][vc_separator sep_color=»color-179178&#8243; uncode_shortcode_id=»995307&#8243; sep_color_type=»uncode-palette»][vc_column_text uncode_shortcode_id=»105079&#8243;]<span style="color: #990000;">Text by Ignacio Castro Rey</span><br />
<em>Picón, July 13, 2008</em></p>
<p><strong>A house in the mist</strong></p>
<p>Acrylic on paper, oil, inks. Broken glass windows, cracked by ice. And the white lines of the torn paper, the borders of the cement that joins the pieces of rubble. The marmoreal and its streaks, bits of life, the message made of fragments. To give mystery back to the world, the murmur of a breeze that turns the walls bearable, we become ragmen of time, weaving and unweaving its minutes. We build little by little another fabric out of the day, returning an erotic innocence to things, the unique infinity of dying things.</p>
<p><a href="https://isabelcarnicer.com/escritos/a_house_in_the_mist.pdf" target="_blank" rel="noopener">Read more&#8230;</a>[/vc_column_text][vc_separator sep_color=»color-179178&#8243; uncode_shortcode_id=»995307&#8243; sep_color_type=»uncode-palette»][vc_column_text uncode_shortcode_id=»119157&#8243;]<span style="color: #990000;">Text by Oliva María Rubio</span><br />
<em>Madrid October 10, 2006</em></p>
<p>The creative work of Isabel Carnicer has been developing through time in a slow but reliable manner, achieving a significant maturity and personality in the latest body of work she has carried out during the last five years, a work that might be generically tagged “Layers”. In these works, she is far from the figurative trend of her beginnings, from which she has been gradually moving away in a process of search and maturity,to deal with a fundamentally monochromatic abstract work she develops in layers.</p>
<p><a href="https://isabelcarnicer.com/escritos/text_maria_oliva_rubio.pdf" target="_blank" rel="noopener">Read more&#8230;</a>[/vc_column_text][/vc_column][/vc_row][vc_row][vc_column width=»1/1&#8243;][uncode_block id=»809&#8243;][/vc_column][/vc_row]</p>
</div>

<p>[vc_row row_height_percent=»0&#8243; overlay_alpha=»50&#8243; gutter_size=»3&#8243; column_width_percent=»100&#8243; shift_y=»0&#8243; z_index=»0&#8243; uncode_shortcode_id=»120239&#8243; row_name=»exposiciones»][vc_column width=»1/1&#8243;][vc_custom_heading text_color=»color-179178&#8243; text_font=»font-111996&#8243; text_weight=»400&#8243; uncode_shortcode_id=»104959&#8243; text_color_type=»uncode-palette»]texts[/vc_custom_heading][/vc_column][/vc_row][vc_row][vc_column][vc_column_text uncode_shortcode_id=»803313&#8243;]Text by Julio César Abad [&hellip;]</p>

<!-- This site is optimized with the Yoast SEO plugin v27.2 - https://yoast.com/product/yoast-seo-wordpress/ -->
<title>texts - Isabel Carnicer. Artista</title>
<meta name="robots" content="index, follow, max-snippet:-1, max-image-preview:large, max-video-preview:-1" />
<link rel="canonical" href="https://isabelcarnicer.com/en/texts/" />
<meta property="og:locale" content="es_ES" />
<meta property="og:type" content="article" />
<meta property="og:title" content="texts - Isabel Carnicer. Artista" />
<meta property="og:description" content="[vc_row row_height_percent=»0&#8243; overlay_alpha=»50&#8243; gutter_size=»3&#8243; column_width_percent=»100&#8243; shift_y=»0&#8243; z_index=»0&#8243; uncode_shortcode_id=»120239&#8243; row_name=»exposiciones»][vc_column width=»1/1&#8243;][vc_custom_heading text_color=»color-179178&#8243; text_font=»font-111996&#8243; text_weight=»400&#8243; uncode_shortcode_id=»104959&#8243; text_color_type=»uncode-palette»]texts[/vc_custom_heading][/vc_column][/vc_row][vc_row][vc_column][vc_column_text uncode_shortcode_id=»803313&#8243;]Text by Julio César Abad [&hellip;]" />
<meta property="og:url" content="https://isabelcarnicer.com/en/texts/" />
<meta property="og:site_name" content="Isabel Carnicer. Artista" />
<meta property="article:modified_time" content="2022-09-13T14:22:55+00:00" />
<meta name="twitter:card" content="summary_large_image" />
<meta name="twitter:label1" content="Tiempo de lectura" />
	<meta name="twitter:data1" content="2 minutos" />
<script type="application/ld+json" class="yoast-schema-graph">{"@context":"https://schema.org","@graph":[{"@type":"WebPage","@id":"https://isabelcarnicer.com/en/texts/","url":"https://isabelcarnicer.com/en/texts/","name":"texts - Isabel Carnicer. Artista","isPartOf":{"@id":"https://isabelcarnicer.com/en/#website"},"datePublished":"2017-12-12T18:38:48+00:00","dateModified":"2022-09-13T14:22:55+00:00","breadcrumb":{"@id":"https://isabelcarnicer.com/en/texts/#breadcrumb"},"inLanguage":"es","potentialAction":[{"@type":"ReadAction","target":["https://isabelcarnicer.com/en/texts/"]}]},{"@type":"BreadcrumbList","@id":"https://isabelcarnicer.com/en/texts/#breadcrumb","itemListElement":[{"@type":"ListItem","position":1,"name":"Portada","item":"https://isabelcarnicer.com/en/"},{"@type":"ListItem","position":2,"name":"texts"}]},{"@type":"WebSite","@id":"https://isabelcarnicer.com/en/#website","url":"https://isabelcarnicer.com/en/","name":"Isabel Carnicer. Artista","description":"Collage, el último proyecto de Isabel Carnicer, estará expuesto en #LaParedRojadeLaFábrica","publisher":{"@id":"https://isabelcarnicer.com/en/#/schema/person/dfd14b0f0081f3d777c945a5a4a86d83"},"potentialAction":[{"@type":"SearchAction","target":{"@type":"EntryPoint","urlTemplate":"https://isabelcarnicer.com/en/?s={search_term_string}"},"query-input":{"@type":"PropertyValueSpecification","valueRequired":true,"valueName":"search_term_string"}}],"inLanguage":"es"},{"@type":["Person","Organization"],"@id":"https://isabelcarnicer.com/en/#/schema/person/dfd14b0f0081f3d777c945a5a4a86d83","name":"Isabel Carnicer","image":{"@type":"ImageObject","inLanguage":"es","@id":"https://isabelcarnicer.com/en/wp-content/uploads/2017/11/favicon.png","url":"https://isabelcarnicer.com/en/wp-content/uploads/2017/11/favicon.png","contentUrl":"https://isabelcarnicer.com/en/wp-content/uploads/2017/11/favicon.png","width":288,"height":288,"caption":"Isabel Carnicer"},"logo":{"@id":"https://isabelcarnicer.com/en/wp-content/uploads/2017/11/favicon.png"}}]}</script>
<!-- / Yoast SEO plugin. -->

[vc_row row_height_percent=»0&#8243; overlay_alpha=»50&#8243; gutter_size=»3&#8243; column_width_percent=»100&#8243; shift_y=»0&#8243; z_index=»0&#8243; uncode_shortcode_id=»120239&#8243; row_name=»exposiciones»][vc_column width=»1/1&#8243;][vc_custom_heading text_color=»color-179178&#8243; text_font=»font-111996&#8243; text_weight=»400&#8243; uncode_shortcode_id=»104959&#8243; text_color_type=»uncode-palette»]texts[/vc_custom_heading][/vc_column][/vc_row][vc_row][vc_column][vc_column_text uncode_shortcode_id=»803313&#8243;]Text by Julio César Abad [&hellip;]

Collage, el último proyecto de Isabel Carnicer, estará expuesto en #LaParedRojadeLaFábrica
